{"id":2775,"date":"2026-03-04T17:32:13","date_gmt":"2026-03-04T17:32:13","guid":{"rendered":"https:\/\/www.nadiabirkenstock.com\/shop\/de\/?post_type=product&#038;p=2775"},"modified":"2026-04-20T11:47:40","modified_gmt":"2026-04-20T11:47:40","slug":"konzertticket-21-06-2026-nadia-birkenstock-kuenstlergarten-biko-leichlingen","status":"publish","type":"product","link":"https:\/\/www.nadiabirkenstock.com\/shop\/de\/produkt\/konzertticket-21-06-2026-nadia-birkenstock-kuenstlergarten-biko-leichlingen\/","title":{"rendered":"KONZERTTICKET &#8211; 21.06.2026 Nadia Birkenstock &#8211; K\u00fcnstlergarten BiKo Leichlingen"},"content":{"rendered":"<p><img loading=\"lazy\" decoding=\"async\" class=\"wp-image-2779 size-full\" src=\"https:\/\/www.nadiabirkenstock.com\/shop\/de\/wp-content\/uploads\/sites\/2\/2026\/03\/20210805_191645_mittel.jpeg\" alt=\"20210805_191645_BiKo\" width=\"640\" height=\"480\" srcset=\"https:\/\/www.nadiabirkenstock.com\/shop\/de\/wp-content\/uploads\/sites\/2\/2026\/03\/20210805_191645_mittel.jpeg 640w, https:\/\/www.nadiabirkenstock.com\/shop\/de\/wp-content\/uploads\/sites\/2\/2026\/03\/20210805_191645_mittel-300x225.jpeg 300w, https:\/\/www.nadiabirkenstock.com\/shop\/de\/wp-content\/uploads\/sites\/2\/2026\/03\/20210805_191645_mittel-324x243.jpeg 324w, https:\/\/www.nadiabirkenstock.com\/shop\/de\/wp-content\/uploads\/sites\/2\/2026\/03\/20210805_191645_mittel-416x312.jpeg 416w\" sizes=\"auto, (max-width: 640px) 100vw, 640px\" \/><\/p>\n<h3><strong>Nadia Birkenstock &#8211; Celtic Harp &amp; Song\u2028<\/strong><br \/>\n<strong>Konzert im K\u00fcnstlergarten BiKo<\/strong><\/h3>\n<p><strong>Sonntag, 21.Juni 2026<\/strong><br \/>\nKonzertbeginn: 17 h 00<br \/>\nEinlass: 16 h 00<br \/>\nK\u00fcnstlergarten BiKo, Leichlingen<br \/>\nim Rahmen der Sommerausstellung 2026<br \/>\nVeranstalterin: Nadia Birkenstock<\/p>\n<p>Bei schlechtem Wetter findet das Konzert im Wintergarten statt.<\/p>\n<p><strong>TICKETS:\u2028\u2028 Zum Vorzeigen beim Einlass drucken Sie bitte die Rechnung aus, die nach dem Kauf der Best\u00e4tigungs-Email angeh\u00e4ngt ist<\/strong><br \/>\n<strong>oder laden Sie diese auf Ihr Handy.<\/strong><br \/>\nVielen Dank!<\/p>\n<p>********************************<\/p>\n<p><strong>Programm:\u00a0 Lieder und Instrumentalst\u00fccke aus Irland, Schottland, England und der Bretagne sowie eigene Kompositionen<\/strong><\/p>\n<p>Nadia Birkenstock gilt als eine der f\u00fchrenden Vertreterinnen der keltischen Harfe in Deutschland und Europa.<br \/>\nDie geb\u00fcrtige Solingerin studierte Gesang an der Musikhochschule D\u00fcsseldorf und brachte bereits w\u00e4hrend des Studiums ihre ersten Konzertprogramme f\u00fcr Gesang und keltische Harfe auf die B\u00fchne.<\/p>\n<p>Heute tourt sie solo und mit verschiedenen Besetzungen durch Europa, ist neben ihrer Konzertt\u00e4tigkeit eine gefragte Workshop-Dozentin und hat zahlreiche CDs ver\u00f6ffentlicht.<br \/>\n2023 gewann sie den 1.Preis beim Kompositionswettbewerb des \u201eVerbandes der Harfenisten in Deutschland\u201c mit der Komposition \u201eL\u2019Esprit Vif\u201c.<br \/>\nIhre aktuelle CD \u201eA Light So Bright\u201c erhielt vom \u201ePreis der deutschen Schallplattenkritik\u201c die Auszeichnung \u201eBestenliste 1\/2025\u201c (Kategorie Folk\/Singersongwriter).<br \/>\nIhre Kompositionen, die durch Videos im Internet und Film-Lizensierungen ein gro\u00dfes Publikum erreichen, werden weltweit gespielt und unterrichtet.<\/p>\n<p><img loading=\"lazy\" decoding=\"async\" class=\"alignnone wp-image-2780 size-full\" src=\"https:\/\/www.nadiabirkenstock.com\/shop\/de\/wp-content\/uploads\/sites\/2\/2026\/03\/20210607_200057_mittel.jpeg\" alt=\"\" width=\"640\" height=\"480\" srcset=\"https:\/\/www.nadiabirkenstock.com\/shop\/de\/wp-content\/uploads\/sites\/2\/2026\/03\/20210607_200057_mittel.jpeg 640w, https:\/\/www.nadiabirkenstock.com\/shop\/de\/wp-content\/uploads\/sites\/2\/2026\/03\/20210607_200057_mittel-300x225.jpeg 300w, https:\/\/www.nadiabirkenstock.com\/shop\/de\/wp-content\/uploads\/sites\/2\/2026\/03\/20210607_200057_mittel-324x243.jpeg 324w, https:\/\/www.nadiabirkenstock.com\/shop\/de\/wp-content\/uploads\/sites\/2\/2026\/03\/20210607_200057_mittel-416x312.jpeg 416w\" sizes=\"auto, (max-width: 640px) 100vw, 640px\" \/><\/p>\n","protected":false},"excerpt":{"rendered":"<p>Konzert-Ticket &#8220;Nadia Birkenstock im K\u00fcnstlergarten BiKo&#8221;<br \/>\nSonntag, 21.06.2026, 17 h 00<br \/>\nK\u00fcnstlergarten BiKo, Leichlingen<\/p>\n<p>&nbsp;<\/p>\n","protected":false},"featured_media":2777,"template":"","meta":[],"product_brand":[],"product_cat":[82],"product_tag":[],"class_list":{"0":"post-2775","1":"product","2":"type-product","3":"status-publish","4":"has-post-thumbnail","6":"product_cat-konzert-tickets","8":"first","9":"instock","10":"downloadable","11":"virtual","12":"purchasable","13":"product-type-simple"},"_links":{"self":[{"href":"https:\/\/www.nadiabirkenstock.com\/shop\/de\/wp-json\/wp\/v2\/product\/2775","targetHints":{"allow":["GET"]}}],"collection":[{"href":"https:\/\/www.nadiabirkenstock.com\/shop\/de\/wp-json\/wp\/v2\/product"}],"about":[{"href":"https:\/\/www.nadiabirkenstock.com\/shop\/de\/wp-json\/wp\/v2\/types\/product"}],"wp:featuredmedia":[{"embeddable":true,"href":"https:\/\/www.nadiabirkenstock.com\/shop\/de\/wp-json\/wp\/v2\/media\/2777"}],"wp:attachment":[{"href":"https:\/\/www.nadiabirkenstock.com\/shop\/de\/wp-json\/wp\/v2\/media?parent=2775"}],"wp:term":[{"taxonomy":"product_brand","embeddable":true,"href":"https:\/\/www.nadiabirkenstock.com\/shop\/de\/wp-json\/wp\/v2\/product_brand?post=2775"},{"taxonomy":"product_cat","embeddable":true,"href":"https:\/\/www.nadiabirkenstock.com\/shop\/de\/wp-json\/wp\/v2\/product_cat?post=2775"},{"taxonomy":"product_tag","embeddable":true,"href":"https:\/\/www.nadiabirkenstock.com\/shop\/de\/wp-json\/wp\/v2\/product_tag?post=2775"}],"curies":[{"name":"wp","href":"https:\/\/api.w.org\/{rel}","templated":true}]}}

KONZERTTICKET &#8211; 21.06.2026 Nadia Birkenstock &#8211; Künstlergarten BiKo Leichlingen

<p><img loading="lazy" decoding="async" class="wp-image-2779 size-full" src="https://www.nadiabirkenstock.com/shop/de/wp-content/uploads/sites/2/2026/03/20210805_191645_mittel.jpeg" alt="20210805_191645_BiKo" width="640" height="480" srcset="https://www.nadiabirkenstock.com/shop/de/wp-content/uploads/sites/2/2026/03/20210805_191645_mittel.jpeg 640w, https://www.nadiabirkenstock.com/shop/de/wp-content/uploads/sites/2/2026/03/20210805_191645_mittel-300x225.jpeg 300w, https://www.nadiabirkenstock.com/shop/de/wp-content/uploads/sites/2/2026/03/20210805_191645_mittel-324x243.jpeg 324w, https://www.nadiabirkenstock.com/shop/de/wp-content/uploads/sites/2/2026/03/20210805_191645_mittel-416x312.jpeg 416w" sizes="auto, (max-width: 640px) 100vw, 640px" /></p>
<h3><strong>Nadia Birkenstock &#8211; Celtic Harp &amp; Song </strong><br />
<strong>Konzert im Künstlergarten BiKo</strong></h3>
<p><strong>Sonntag, 21.Juni 2026</strong><br />
Konzertbeginn: 17 h 00<br />
Einlass: 16 h 00<br />
Künstlergarten BiKo, Leichlingen<br />
im Rahmen der Sommerausstellung 2026<br />
Veranstalterin: Nadia Birkenstock</p>
<p>Bei schlechtem Wetter findet das Konzert im Wintergarten statt.</p>
<p><strong>TICKETS:   Zum Vorzeigen beim Einlass drucken Sie bitte die Rechnung aus, die nach dem Kauf der Bestätigungs-Email angehängt ist</strong><br />
<strong>oder laden Sie diese auf Ihr Handy.</strong><br />
Vielen Dank!</p>
<p>********************************</p>
<p><strong>Programm:  Lieder und Instrumentalstücke aus Irland, Schottland, England und der Bretagne sowie eigene Kompositionen</strong></p>
<p>Nadia Birkenstock gilt als eine der führenden Vertreterinnen der keltischen Harfe in Deutschland und Europa.<br />
Die gebürtige Solingerin studierte Gesang an der Musikhochschule Düsseldorf und brachte bereits während des Studiums ihre ersten Konzertprogramme für Gesang und keltische Harfe auf die Bühne.</p>
<p>Heute tourt sie solo und mit verschiedenen Besetzungen durch Europa, ist neben ihrer Konzerttätigkeit eine gefragte Workshop-Dozentin und hat zahlreiche CDs veröffentlicht.<br />
2023 gewann sie den 1.Preis beim Kompositionswettbewerb des „Verbandes der Harfenisten in Deutschland“ mit der Komposition „L’Esprit Vif“.<br />
Ihre aktuelle CD „A Light So Bright“ erhielt vom „Preis der deutschen Schallplattenkritik“ die Auszeichnung „Bestenliste 1/2025“ (Kategorie Folk/Singersongwriter).<br />
Ihre Kompositionen, die durch Videos im Internet und Film-Lizensierungen ein großes Publikum erreichen, werden weltweit gespielt und unterrichtet.</p>
<p><img loading="lazy" decoding="async" class="alignnone wp-image-2780 size-full" src="https://www.nadiabirkenstock.com/shop/de/wp-content/uploads/sites/2/2026/03/20210607_200057_mittel.jpeg" alt="" width="640" height="480" srcset="https://www.nadiabirkenstock.com/shop/de/wp-content/uploads/sites/2/2026/03/20210607_200057_mittel.jpeg 640w, https://www.nadiabirkenstock.com/shop/de/wp-content/uploads/sites/2/2026/03/20210607_200057_mittel-300x225.jpeg 300w, https://www.nadiabirkenstock.com/shop/de/wp-content/uploads/sites/2/2026/03/20210607_200057_mittel-324x243.jpeg 324w, https://www.nadiabirkenstock.com/shop/de/wp-content/uploads/sites/2/2026/03/20210607_200057_mittel-416x312.jpeg 416w" sizes="auto, (max-width: 640px) 100vw, 640px" /></p>

<p>Konzert-Ticket &#8220;Nadia Birkenstock im Künstlergarten BiKo&#8221;<br />
Sonntag, 21.06.2026, 17 h 00<br />
Künstlergarten BiKo, Leichlingen</p>
<p>&nbsp;</p>
